e factors of 365261.
13, 28097
What are the prime factors of 124598?
2, 62299
List the prime factors of 25449847.
25449847
List the prime factors of 697391.
17, 41023
What are the prime factors of 1322001?
3, 19, 859
What are the prime factors of 49558?
2, 71, 349
What are the prime factors of 553855?
5, 110771
What are the prime factors of 8529281?
8529281
What are the prime factors of 87669?
3, 17, 191
What are the prime factors of 960479?
13, 73883
What are the prime factors of 228377?
31, 53, 139
List the prime factors of 13380178.
2, 7, 955727
List the prime factors of 22349924.
2, 37, 151013
What are the prime factors of 8812654?
2, 101, 43627
List the prime factors of 1857632.
2, 7, 8293
List the prime factors of 30603.
3, 101
What are the prime factors of 3167739?
3, 351971
What are the prime factors of 1308992?
2, 113, 181
List the prime factors of 3875506.
2, 19, 101987
What are the prime factors of 15118777?
419, 36083
What are the prime factors of 25839249?
3, 53, 163, 997
List the prime factors of 11456903.
331, 34613
What are the prime factors of 296641?
29, 53, 193
What are the prime factors of 540598?
2, 270299
What are the prime factors of 553653?
3, 227, 271
List the prime factors of 491150.
2, 5, 11, 19, 47
What are the prime factors of 1007368?
2, 125921
List the prime factors of 5877577.
131, 44867
What are the prime factors of 7849378?
2, 3924689
List the prime factors of 565274.
2, 109, 2593
List the prime factors of 6007322.
2, 89, 33749
What are the prime factors of 110276?
2, 19, 1451
What are the prime factors of 478524?
2, 3, 39877
List the prime factors of 10986352.
2, 13, 17, 239
List the prime factors of 267121.
17, 19, 827
List the prime factors of 21243293.
21243293
List the prime factors of 83990.
2, 5, 37, 227
List the prime factors of 10157315.
5, 7, 290209
What are the prime factors of 9220278?
2, 3, 211, 7283
What are the prime factors of 6885617?
6885617
List the prime factors of 287911.
13, 22147
What are the prime factors of 3338472?
2, 3, 113, 1231
List the prime factors of 6633159.
3, 13, 170081
List the prime factors of 742171.
31, 89, 269
What are the prime factors of 11398834?
2, 131, 139, 313
List the prime factors of 384227.
384227
List the prime factors of 292726.
2, 7, 29, 103
List the prime factors of 180883.
180883
What are the prime factors of 2523854?
2, 17, 74231
What are the prime factors of 351213?
3, 117071
What are the prime factors of 5343771?
3, 1231, 1447
What are the prime factors of 18944492?
2, 7, 676589
What are the prime factors of 1038157?
1038157
What are the prime factors of 13041?
3, 7, 23
List the prime factors of 221135.
5, 47, 941
What are the prime factors of 357834?
2, 3, 23, 2593
List the prime factors of 27653952.
2, 3, 144031
List the prime factors of 582994.
2, 43, 6779
What are the prime factors of 108599?
131, 829
What are the prime factors of 5595437?
509, 10993
What are the prime factors of 17417777?
13, 29, 47, 983
What are the prime factors of 2610?
2, 3, 5, 29
List the prime factors of 147855.
3, 5, 9857
What are the prime factors of 1848573?
3, 205397
List the prime factors of 18472398.
2, 3, 7, 37, 11887
List the prime factors of 48539.
48539
List the prime factors of 8641597.
53, 103, 1583
List the prime factors of 16787539.
23, 157, 4649
List the prime factors of 623491.
11, 56681
What are the prime factors of 162354?
2, 3, 27059
What are the prime factors of 176011?
11, 16001
List the prime factors of 1098423.
3, 31, 127
List the prime factors of 119672.
2, 7, 2137
List the prime factors of 5745250.
2, 5, 7, 67
What are the prime factors of 5608637?
67, 97, 863
List the prime factors of 7357.
7, 1051
What are the prime factors of 356283?
3, 31, 1277
What are the prime factors of 10258?
2, 23, 223
List the prime factors of 277933.
17, 16349
What are the prime factors of 3286326?
2, 3, 421, 1301
What are the prime factors of 530305?
5, 67, 1583
What are the prime factors of 1582592?
2, 11, 281
What are the prime factors of 3160149?
3, 1053383
What are the prime factors of 530676?
2, 3, 14741
What are the prime factors of 1384923?
3, 179, 2579
What are the prime factors of 22336820?
2, 5, 11, 101531
What are the prime factors of 4448?
2, 139
List the prime factors of 174725.
5, 29, 241
What are the prime factors of 3738967?
3738967
What are the prime factors of 166053?
3, 55351
List the prime factors of 40360.
2, 5, 1009
What are the prime factors of 164690?
2, 5, 43, 383
List the prime factors of 682058.
2, 13, 37, 709
What are the prime factors of 17493930?
2, 3, 5, 194377
List the prime factors of 1751085.
3, 5, 7, 17, 109
List the prime factors of 13505773.
13505773
What are the prime factors of 1182045?
3, 5, 78803
What are the prime factors of 148466?
2, 19, 3907
List the prime factors of 15809006.
2, 79, 100057
List the prime factors of 2078216.
2, 7, 17, 37, 59
List the prime factors of 870612.
2, 3, 72551
List the prime factors of 722527.
13, 55579
List the prime factors of 2038.
2, 1019
List the prime factors of 666561.
3, 7, 31741
List the prime factors of 4170959.
13, 320843
What are the prime factors of 1075459?
7, 11, 13967
What are the prime factors of 158504?
2, 19813
What are the prime factors of 33321763?
19, 1753777
What are the prime factors of 3932800?
2, 5, 1229
What are the prime factors of 5247130?
2, 5, 7, 74959
List the prime factors of 254882.
2, 31, 4111
List the prime factors of 540441.
3, 11, 53, 103
What are the prime factors of 9776359?
59, 165701
List the prime factors of 1039433.
19, 227, 241
What are the prime factors of 4751640?
2, 3, 5, 67, 197
What are the prime factors of 155563?
73, 2131
List the prime factors of 233032.
2, 29129
What are the prime factors of 6587387?
421, 15647
What are the prime factors of 6350512?
2, 7, 56701
List the prime factors of 10862005.
5, 7, 11, 89, 317
List the prime factors of 964351.
964351
What are the prime factors of 33212?
2, 19, 23
What are the prime factors of 333817?
11, 30347
What are the prime factors of 196998?
2, 3, 32833
List the prime factors of 1387928.
2, 173491
What are the prime factors of 29189?
17, 101
List the prime factors of 284771.
223, 1277
List the prime factors of 159717.
3, 53239
What are the prime factors of 174630?
2, 3, 5, 5821
List the prime factors of 113653.
89, 1277
What are the prime factors of 362573?
53, 6841
What are the prime factors of 7148240?
2, 5, 11, 8123
What are the prime factors of 4287294?
2, 3, 11, 59, 367
What are the prime factors of 241437?
3, 7, 11497
List the prime factors of 6892847.
13, 23, 23053
What are the prime factors of 192042?
2, 3, 47, 227
List the prime factors of 371141.
371141
List the prime factors of 10799914.
2, 857, 6301
List the prime factors of 365906.
2, 182953
List the prime factors of 6252200.
2, 5, 43, 727
What are the prime factors of 1451639?
7, 207377
List the prime factors of 675211.
23, 31, 947
List the prime factors of 1256094.
2, 3, 7, 3323
What are the prime factors of 1415534?
2, 707767
List the prime factors of 15311851.
953, 16067
List the prime factors of 51679.
51679
List the prime factors of 804371.
804371
What are the prime factors of 370727?
7, 211, 251
List the prime factors of 3873571.
13, 297967
List the prime factors of 21509329.
29, 487, 1523
What are the prime factors of 99981?
3, 7, 23
List the prime factors of 16333569.
3, 7, 28807
What are the prime factors of 1645789?
241, 6829
List the prime factors of 3364162.
2, 1682081
What are the prime factors of 8264290?
2, 5, 31, 53, 503
List the prime factors of 16610574.
2, 3, 2768429
What are the prime factors of 29347?
29347
List the prime factors of 242079.
3, 19, 31, 137
List the prime factors of 9731395.
5, 17, 114487
What are the prime factors of 20994316?
2, 7, 19, 31, 67
List the prime factors of 587262.
2, 3, 13, 7529
What are the prime factors of 126650?
2, 5, 17, 149
What are the prime factors of 32381056?
2, 17, 23, 647
What are the prime factors of 2298615?
3, 5, 11, 13931
List the prime factors of 356040.
2, 3, 5, 23, 43
List the prime factors of 10707035.
5, 2141407
What are the prime factors of 1355455?
5, 173, 1567
List the prime factors of 997953.
3, 11, 30241
What are the prime factors of 1690253?
1690253
List the pri